 and 1356?
113
Suppose 4*t + 7468 - 12700 = 0. What is the greatest common factor of 24 and t?
12
Suppose -4*s = 24, g - 5*s - 4220 = -500. Calculate the highest common factor of g and 90.
90
Suppose a + 6 = 9. Suppose 0 = 5*l - a - 57. Suppose -u = -l - 17. What is the highest common factor of 29 and u?
29
Let v be (21/3)/14*(1 - 1). Let x be (v - 23)/((-68)/340). What is the highest common factor of 23 and x?
23
Let y = -410 + 331. Let f = 130 - y. Calculate the greatest common divisor of 19 and f.
19
Let a = -15863 + 16563. What is the highest common factor of a and 3700?
100
Let h be 8135/25 - (-4)/((-120)/(-18)). Suppose -4*m - 82 = -h. Calculate the highest common divisor of 122 and m.
61
Let k = 14 - -26. Suppose -3*s + 8*s = 30. Let j be 40/s - 8/(-6). What is the highest common divisor of k and j?
8
Let t(i) = -6*i**2 - 78*i - 83. Let p be t(-9). Calculate the greatest common factor of 32053 and p.
133
Suppose -5*o - 3*s + 25 = 0, o + 6 = 5*s - 17. Suppose 3*a = o*a + 5*z + 172, 0 = -5*z + 15. What is the greatest common factor of a and 34?
17
Let p = 39 - 30. Let a = p - -3. Suppose -69 = -3*s + 3. Calculate the highest common factor of a and s.
12
Let k = 1499 + -853. What is the highest common factor of k and 114?
38
Suppose 12*y - 17*y + 2*u + 500 = 0, 3*y - 4*u = 314. Let q = 62 + 85. What is the highest common factor of q and y?
49
Let q be ((-2)/4)/(2570/860 + -3). Suppose q*l - 64 - 22 = 0. Calculate the highest common factor of 48 and l.
2
Suppose 5*c - 4*c - 3*l - 16 = 0, 3*l = -2*c - 4. Suppose c*n - 9*n = -955. Let r = -119 + n. What is the highest common divisor of 12 and r?
12
Let t = -9170 - -9425. Calculate the greatest common divisor of t and 340.
85
Let c be 26 + -18 - (1 - -3). Suppose c*x - 30 = -3*j, -4*j - j + 36 = 2*x. Suppose 75 = j*z - z. What is the greatest common divisor of z and 5?
5
Suppose 4*k - 292 = -4*d - 0*d, -3*k + 3*d + 243 = 0. Suppose 0 = 3*v - k - 31. Let g = 6 + 21. Calculate the greatest common divisor of g and v.
9
Let r be (6*(-4)/(-40))/(2/100). Let m = 513 + -363. Suppose 0 = -3*w + w + j + m, -3*j = 2*w - 150. What is the greatest common divisor of r and w?
15
Suppose 0 = 8*u + 51*u - 1534. Let t(g) = g**3 - 28*g**2 + 51*g + 30. Let h be t(u). Calculate the greatest common divisor of h and 3.
1
Let i be (68/(-9)*-3)/(194/1164). Calculate the highest common divisor of i and 459.
17
Let h = -12140 + 27142. What is the highest common divisor of h and 26?
26
Suppose 4830*v - 4851*v + 21735 = 0. What is the highest common divisor of v and 460?
115
Let g = -129 - -132. Suppose 7*q = 2*q - g*s + 1885, -3*q = -4*s - 1160. What is the greatest common factor of 40 and q?
20
Let q be (18 - -24)/(9/132). Let p be (((-4320)/(-14))/4)/(33/q). Calculate the greatest common divisor of p and 30.
30
Let m be ((-18)/15 + 2)*15. Let f be -1 - (3 + -67 - -2). Suppose 45 = -4*i + f. Calculate the highest common divisor of i and m.
4
Suppose -5*i - 71*i + 125780 = 0. Calculate the highest common factor of 25 and i.
5
Let t = -20648 + 20666. What is the greatest common factor of 264 and t?
6
Suppose -5*i = 3*t - 80, 0 = 2*t + 5*i - 26 - 34. What is the highest common divisor of t and 444?
4
Suppose -249 = -2*j + 4*u + 11, 3*j = u + 395. Let r(d) = -59*d**2 + 260*d - 8. Let y be r(4). What is the greatest common factor of j and y?
44
Suppose -4*x + 234 = 126. Let r = 554 + -41. What is the highest common factor of r and x?
27
Let p be (-26 + 13)*2/(-13). Let y be 4/(-18)*-57*3. Calculate the greatest common divisor of p and y.
2
Let p = 178 - 158. Suppose -p*l + 1408 = 24*l. What is the highest common divisor of l and 112?
16
Let b = -25 - -23. Let v be (2 + -21)*(-2 + b - -3). Calculate the highest common divisor of 19 and v.
19
Suppose 3*v - 6 = 3*k - 0, v + 4 = -k. Let t(p) = -42*p - 9. Let s be t(k). Suppose -s = 7*w - 8*w. What is the greatest common factor of w and 13?
13
Let v = -9929 + 10574. What is the greatest common divisor of v and 1005?
15
Suppose -95 = -l - 92. Suppose -10*a + 143 = l*a. Suppose a + 4 = 3*h. What is the greatest common divisor of h and 45?
5
Let v = -5 - -17. Let k be (44/v + -3)*-6 + 14. Calculate the greatest common divisor of k and 10.
10
Let t(q) = 32*q + 2023. Let r be t(-63). What is the highest common divisor of 5509 and r?
7
Suppose 3*d = 4*m + 25750, 3*d = 2*m + 15489 + 10265. What is the highest common divisor of 18 and d?
18
Suppose 17006 = 5*h + 17*h. Suppose -h = 33*u - 11069. Calculate the greatest common factor of 24 and u.
24
Suppose 90*a + 2*f + 3216 = 95*a, 3*a = -4*f + 1914. What is the greatest common factor of 535 and a?
107
Let r = -4 - -6. Let z = -26 - -30. Suppose -5*q + 47 = 4*a, 0*a - 17 = -z*a + 5*q. Calculate the highest common divisor of a and r.
2
Let d(s) = 2*s**2 + 107*s + 193. Let m be d(-53). Calculate the greatest common factor of 160 and m.
20
Let w(d) = 5*d - 22. Let c be w(4). Let s be (-4 + 20)/(c/(-78)). Calculate the highest common factor of 32 and s.
16
Let y(q) = 33*q - 21. Suppose -z + 12 = 4*j - 3*z, -j = 4*z + 15. Let f be y(j). What is the greatest common divisor of f and 156?
12
Let z(c) = 2*c**2 + 4*c + 2. Let i be z(2). Suppose -35*t = -34*t - 5*j + i, t = j + 2. What is the greatest common factor of 35 and t?
7
Suppose -2001*l - 26432 = -2057*l. What is the highest common factor of 72 and l?
8
Suppose 2*c + 2978 = 4*k, 60*k - 59*k - 4*c - 748 = 0. What is the highest common divisor of k and 8?
8
Suppose -3378 = -110*w + 1022. Calculate the greatest common factor of w and 2230.
10
Let m = 27818 - 27193. What is the highest common divisor of m and 75?
25
Suppose -14*k + 4221 + 4851 = 0. Calculate the highest common divisor of 128 and k.
8
Let h = 108 - 99. Let v(g) = 7*g**2 - 4*g - 29. Let b be v(8). Calculate the highest common factor of b and h.
9
Let b(i) = 193*i - 7475. Let g be b(44). Calculate the greatest common factor of 63 and g.
9
Suppose -6*c + 2643 - 2589 = 0. What is the highest common divisor of 5967 and c?
9
Suppose 0 = -5*x - 10317 + 12957. What is the greatest common factor of 48 and x?
48
Let a = -17 + 20. Let m(d) = -16 + 62*d + d**a + 7*d**2 - 32*d - 33*d. Let b be m(-7). Calculate the highest common factor of b and 10.
5
Suppose -45*r + 626 = -47*r. Let d = 733 + r. What is the greatest common factor of d and 21?
21
Suppose -60*x - 660 = -57*x. Let p be (x/50)/((-3)/195). Calculate the highest common factor of p and 22.
22
Let p = 6445 + 5006. Calculate the greatest common divisor of 33 and p.
33
Suppose 315*k - 2303 - 2092 = 6945. Calculate the greatest common factor of k and 4668.
12
Let o = -206 - -331. Let b = -55 + o. What is the highest common divisor of b and 21?
7
Suppose 22*k - 21*k = 6. Suppose 0 = h + k*h. Suppose h = w + x + 2 + 1, w - x = 5. What is the highest common divisor of w and 8?
1
Suppose 30*s + 288 = 6*s. Let o be (-30)/(s/30 + 0). What is the highest common factor of 165 and o?
15
Let i = 43 + -44. Let a be (-120)/36 + i/(-3). Let w be (0 - -3) + (-255)/a. What is the highest common factor of w and 11?
11
Suppose g + c - 133 = 0, g - 98*c = -103*c + 153. What is the greatest common divisor of 36 and g?
4
Let v(l) = 1109*l - 5069. Let z be v(5). Calculate the highest common divisor of 52 and z.
4
Let n be (-1 + -2)/(((-16)/(-190))/(-8)). Let l = -177 + n. Calculate the greatest common divisor of 4 and l.
4
Let r(t) = 2*t**2 + 115*t - 111. Let z be r(-59). Calculate the highest common factor of 33 and z.
33
Let y(g) = 8 - 15*g + 39*g - 12*g - 11*g. Let z be y(12). What is the highest common factor of 70 and z?
10
Let u(t) = 9*t**2 + 512*t - 54. Let z be u(-57). Calculate the highest common factor of z and 358.
1
Let g be (-45)/(-108)*4*3*1. Suppose 12*f = -g*f + 289. Let a(t) = t + 187. Let z be a(0). What is the highest common divisor of z and f?
17
Let p = -395 - -395. Suppose 0 = k + 2, p = 3*a + 5*k - 3*k - 86. Calculate the greatest common factor of a and 270.
30
Suppose -1777*s + 1780*s - 144 = 0. Let a = -5 + 0. Let d be ((-2)/a)/(1/30). Calculate the greatest common divisor of s and d.
12
Suppose 14*x - 92*x + 245708 = 44*x. Calculate the highest common factor of 212 and x.
106
Suppose 2876 - 1055 = 2*y + c, -4563 = -5*y + c. Let k be (-4)/(12/57)*-3. Calculate the highest comm